{"id":99,"date":"2024-01-25T16:05:21","date_gmt":"2024-01-25T16:05:21","guid":{"rendered":"https:\/\/grupaprofizjo.pl\/?page_id=99"},"modified":"2024-02-26T10:12:00","modified_gmt":"2024-02-26T10:12:00","slug":"wiktoria-grzelak","status":"publish","type":"page","link":"https:\/\/grupaprofizjo.pl\/?page_id=99","title":{"rendered":"Wiktoria Grzelak"},"content":{"rendered":"\n<h1 class=\"wp-block-heading\"><\/h1>\n\n\n<div class=\"wp-block-image\">\n<figure class=\"alignleft size-full is-resized\"><img fetchpriority=\"high\" decoding=\"async\" width=\"1707\" height=\"2560\" src=\"https:\/\/grupaprofizjo.pl\/wp-content\/uploads\/2024\/01\/Michal-Urban07118-scaled.jpg\" alt=\"\" class=\"wp-image-56\" style=\"width:373px;height:auto\" srcset=\"https:\/\/grupaprofizjo.pl\/wp-content\/uploads\/2024\/01\/Michal-Urban07118-scaled.jpg 1707w, https:\/\/grupaprofizjo.pl\/wp-content\/uploads\/2024\/01\/Michal-Urban07118-200x300.jpg 200w, https:\/\/grupaprofizjo.pl\/wp-content\/uploads\/2024\/01\/Michal-Urban07118-683x1024.jpg 683w, https:\/\/grupaprofizjo.pl\/wp-content\/uploads\/2024\/01\/Michal-Urban07118-768x1152.jpg 768w, https:\/\/grupaprofizjo.pl\/wp-content\/uploads\/2024\/01\/Michal-Urban07118-1024x1536.jpg 1024w, https:\/\/grupaprofizjo.pl\/wp-content\/uploads\/2024\/01\/Michal-Urban07118-1365x2048.jpg 1365w\" sizes=\"(max-width: 1707px) 100vw, 1707px\" \/><\/figure>\n<\/div>\n\n\n<p>Wiktoria Grzelak, absolwentka Wydzia\u0142u Nauk o Zdrowiu Uniwersytetu Opolskiego, to wyj\u0105tkowa fizjoterapeutka, kt\u00f3rej pasja do zdrowia i do\u015bwiadczenie w r\u00f3\u017cnorodnych dziedzinach sprawiaj\u0105, \u017ce jest prawdziwym ekspertem w swojej dziedzinie.<\/p>\n\n\n\n<p>W jej bogatym dorobku edukacyjnym znajduje si\u0119 kurs Funkcjonalnej Osteopatii i Integracji, kt\u00f3ry pozwoli\u0142 jej na zdobycie wiedzy umo\u017cliwiaj\u0105cej precyzyjne diagnozowanie oraz wykrywanie odwracalnych zmian w funkcji narz\u0105du ruchu. Uko\u0144czenie kursu Medycyny Manualnej dr. Sk\u0142adowskiego stanowi\u0142o kolejny krok w doskonaleniu swoich kwalifikacji, a zdobycie dyplomu z zakresu Naturopatii tylko potwierdza jej wszechstronno\u015b\u0107.<\/p>\n\n\n\n<p>Wiktoria specjalizuje si\u0119 w fascynuj\u0105cej dziedzinie uroginekologii, eksploruj\u0105c kobiec\u0105 stron\u0119 fizjoterapii. Jej szeroka wiedza dotycz\u0105ca funkcjonowania uk\u0142adu moczowo-p\u0142ciowego pozwala na budowanie \u015bwiadomo\u015bci pacjent\u00f3w, i wskazuje jak skutecznie  odwraca\u0107 oraz zapobiega\u0107, eliminuj\u0105c dyskomfort.<\/p>\n\n\n\n<p>Podczas terapeutycznych sesji Wiktoria Grzelak nie tylko diagnozuje, ale potrafi odczyta\u0107 granice i mo\u017cliwo\u015bci, do jakich cia\u0142o mo\u017ce dostosowa\u0107 si\u0119 w obliczu zmian. Jej praca to nie tylko rutynowe zadania, ale r\u00f3wnie\u017c pasjonuj\u0105ce wyzwania, kt\u00f3re z przyjemno\u015bci\u0105 podejmuje.<\/p>\n\n\n\n<p>W podej\u015bciu do pacjenta Wiktoria kieruje si\u0119 cechami charakteru takimi jak empatia, opanowanie i m\u0105dro\u015b\u0107. Jej g\u0142\u00f3wnym celem jest zrozumienie przyczyn wizyty pacjenta i znalezienie skutecznych rozwi\u0105za\u0144, integruj\u0105c aspekty fizyczne, emocjonalne i psychiczne. Poza prac\u0105 Wiktoria &nbsp;znajduje r\u00f3wnowag\u0119 w aktywnym trybie \u017cycia. Spacer z psem, treningi na si\u0142owni, praktyka jogi stanowi integraln\u0105 cz\u0119\u015b\u0107 jej wolnego czasu. Nie stroni r\u00f3wnie\u017c od dobrej ksi\u0105\u017cki czy seansu filmowego, co dodatkowo podkre\u015bla jej wszechstronno\u015b\u0107 i pasj\u0119 do \u017cycia. <\/p>\n","protected":false},"excerpt":{"rendered":"<p>Wiktoria Grzelak, absolwentka Wydzia\u0142u Nauk o Zdrowiu Uniwersytetu Opolskiego, to wyj\u0105tkowa fizjoterapeutka, kt\u00f3rej pasja do zdrowia i do\u015bwiadczenie w r\u00f3\u017cnorodnych dziedzinach sprawiaj\u0105, \u017ce jest prawdziwym ekspertem w swojej dziedzinie. W jej bogatym dorobku edukacyjnym znajduje si\u0119 kurs Funkcjonalnej Osteopatii i Integracji, kt\u00f3ry pozwoli\u0142 jej na zdobycie wiedzy umo\u017cliwiaj\u0105cej precyzyjne diagnozowanie oraz wykrywanie odwracalnych zmian w [&hellip;]<\/p>\n","protected":false},"author":2,"featured_media":0,"parent":0,"menu_order":0,"comment_status":"closed","ping_status":"closed","template":"","meta":{"saved_in_kubio":false,"_monsterinsights_skip_tracking":false,"_monsterinsights_sitenote_active":false,"_monsterinsights_sitenote_note":"","_monsterinsights_sitenote_category":0,"footnotes":""},"class_list":["post-99","page","type-page","status-publish","hentry"],"kubio_ai_page_context":{"short_desc":"","purpose":"general"},"_links":{"self":[{"href":"https:\/\/grupaprofizjo.pl\/index.php?rest_route=\/wp\/v2\/pages\/99","targetHints":{"allow":["GET"]}}],"collection":[{"href":"https:\/\/grupaprofizjo.pl\/index.php?rest_route=\/wp\/v2\/pages"}],"about":[{"href":"https:\/\/grupaprofizjo.pl\/index.php?rest_route=\/wp\/v2\/types\/page"}],"author":[{"embeddable":true,"href":"https:\/\/grupaprofizjo.pl\/index.php?rest_route=\/wp\/v2\/users\/2"}],"replies":[{"embeddable":true,"href":"https:\/\/grupaprofizjo.pl\/index.php?rest_route=%2Fwp%2Fv2%2Fcomments&post=99"}],"version-history":[{"count":6,"href":"https:\/\/grupaprofizjo.pl\/index.php?rest_route=\/wp\/v2\/pages\/99\/revisions"}],"predecessor-version":[{"id":413,"href":"https:\/\/grupaprofizjo.pl\/index.php?rest_route=\/wp\/v2\/pages\/99\/revisions\/413"}],"wp:attachment":[{"href":"https:\/\/grupaprofizjo.pl\/index.php?rest_route=%2Fwp%2Fv2%2Fmedia&parent=99"}],"curies":[{"name":"wp","href":"https:\/\/api.w.org\/{rel}","templated":true}]}}