{"id":101,"date":"2024-01-25T16:07:23","date_gmt":"2024-01-25T16:07:23","guid":{"rendered":"https:\/\/grupaprofizjo.pl\/?page_id=101"},"modified":"2024-02-26T10:11:03","modified_gmt":"2024-02-26T10:11:03","slug":"marek-rewucki","status":"publish","type":"page","link":"https:\/\/grupaprofizjo.pl\/?page_id=101","title":{"rendered":"Marek Rewucki"},"content":{"rendered":"\n<h1 class=\"wp-block-heading\"><\/h1>\n\n\n<div class=\"wp-block-image\">\n<figure class=\"alignleft size-full is-resized\"><img fetchpriority=\"high\" decoding=\"async\" width=\"1707\" height=\"2560\" src=\"https:\/\/grupaprofizjo.pl\/wp-content\/uploads\/2024\/01\/IMG_9955-scaled.jpeg\" alt=\"\" class=\"wp-image-67\" style=\"width:306px;height:auto\" srcset=\"https:\/\/grupaprofizjo.pl\/wp-content\/uploads\/2024\/01\/IMG_9955-scaled.jpeg 1707w, https:\/\/grupaprofizjo.pl\/wp-content\/uploads\/2024\/01\/IMG_9955-200x300.jpeg 200w, https:\/\/grupaprofizjo.pl\/wp-content\/uploads\/2024\/01\/IMG_9955-683x1024.jpeg 683w, https:\/\/grupaprofizjo.pl\/wp-content\/uploads\/2024\/01\/IMG_9955-768x1152.jpeg 768w, https:\/\/grupaprofizjo.pl\/wp-content\/uploads\/2024\/01\/IMG_9955-1024x1536.jpeg 1024w, https:\/\/grupaprofizjo.pl\/wp-content\/uploads\/2024\/01\/IMG_9955-1365x2048.jpeg 1365w\" sizes=\"(max-width: 1707px) 100vw, 1707px\" \/><\/figure>\n<\/div>\n\n\n<p>Jestem absolwentem Uniwerystetu Opolskiego, wydzia\u0142u Nauk o Zdrowiu, na kierunku Fizjoterapia oraz Krakowskiej szko\u0142y hipnozy terapeutycznej (THTiBnH).<\/p>\n\n\n\n<p>Kursy, kt\u00f3re na codzie\u0144 wykorzystuj\u0119 w praktyce terapeutycznej:<\/p>\n\n\n\n<p>&nbsp; &nbsp;\u2043 Terapia narz\u0119dziowa tkanek mi\u0119kkich,<\/p>\n\n\n\n<p>&nbsp; &nbsp;\u2043 Pinopresura<\/p>\n\n\n\n<p>&nbsp; &nbsp;\u2043 praca na ko\u015bciach oraz bliznach.<\/p>\n\n\n\n<p>Oczywi\u015bcie nie samymi kursami cz\u0142owiek \u017cyje, bo poza tym przeczyta\u0142em stosy ksi\u0105\u017cek, i co najwa\u017cniejsze- wdra\u017cam zdobyt\u0105 wiedz\u0119 w praktyce.<\/p>\n\n\n\n<p>Zdaj\u0119 sobie spraw\u0119 jak bardzo nasz stan emocjonalny oraz psychika wp\u0142ywaj\u0105 na postaw\u0119 naszego cia\u0142a oraz jako\u015b\u0107 naszego \u017cycia i pomagam pacjentom w ci\u0105g\u0142ym zg\u0142\u0119bianiu samo\u015bwiadomo\u015bci.<\/p>\n\n\n\n<p>Praca z cia\u0142em oraz regeneracja po przebytych kontuzjach stanowi dla mnie obszar do obserwacji, oraz wyci\u0105gania w\u0142asnych wniosk\u00f3w i usprawniania procesu terapeutycznego. Je\u015bli czujesz, \u017ce w jakim\u015b aspekcie mog\u0119 by\u0107 dla Ciebie pomocny &#8211; zapraszam do kontaktu!<\/p>\n\n\n\n<p><\/p>\n","protected":false},"excerpt":{"rendered":"<p>Jestem absolwentem Uniwerystetu Opolskiego, wydzia\u0142u Nauk o Zdrowiu, na kierunku Fizjoterapia oraz Krakowskiej szko\u0142y hipnozy terapeutycznej (THTiBnH). Kursy, kt\u00f3re na codzie\u0144 wykorzystuj\u0119 w praktyce terapeutycznej: &nbsp; &nbsp;\u2043 Terapia narz\u0119dziowa tkanek mi\u0119kkich, &nbsp; &nbsp;\u2043 Pinopresura &nbsp; &nbsp;\u2043 praca na ko\u015bciach oraz bliznach. Oczywi\u015bcie nie samymi kursami cz\u0142owiek \u017cyje, bo poza tym przeczyta\u0142em stosy ksi\u0105\u017cek, i co [&hellip;]<\/p>\n","protected":false},"author":2,"featured_media":0,"parent":0,"menu_order":0,"comment_status":"closed","ping_status":"closed","template":"","meta":{"saved_in_kubio":false,"_monsterinsights_skip_tracking":false,"_monsterinsights_sitenote_active":false,"_monsterinsights_sitenote_note":"","_monsterinsights_sitenote_category":0,"footnotes":""},"class_list":["post-101","page","type-page","status-publish","hentry"],"kubio_ai_page_context":{"short_desc":"","purpose":"general"},"_links":{"self":[{"href":"https:\/\/grupaprofizjo.pl\/index.php?rest_route=\/wp\/v2\/pages\/101","targetHints":{"allow":["GET"]}}],"collection":[{"href":"https:\/\/grupaprofizjo.pl\/index.php?rest_route=\/wp\/v2\/pages"}],"about":[{"href":"https:\/\/grupaprofizjo.pl\/index.php?rest_route=\/wp\/v2\/types\/page"}],"author":[{"embeddable":true,"href":"https:\/\/grupaprofizjo.pl\/index.php?rest_route=\/wp\/v2\/users\/2"}],"replies":[{"embeddable":true,"href":"https:\/\/grupaprofizjo.pl\/index.php?rest_route=%2Fwp%2Fv2%2Fcomments&post=101"}],"version-history":[{"count":7,"href":"https:\/\/grupaprofizjo.pl\/index.php?rest_route=\/wp\/v2\/pages\/101\/revisions"}],"predecessor-version":[{"id":410,"href":"https:\/\/grupaprofizjo.pl\/index.php?rest_route=\/wp\/v2\/pages\/101\/revisions\/410"}],"wp:attachment":[{"href":"https:\/\/grupaprofizjo.pl\/index.php?rest_route=%2Fwp%2Fv2%2Fmedia&parent=101"}],"curies":[{"name":"wp","href":"https:\/\/api.w.org\/{rel}","templated":true}]}}